{"id":15903,"date":"2024-11-07T14:08:10","date_gmt":"2024-11-07T13:08:10","guid":{"rendered":"https:\/\/uni5-technologies.com\/accueil\/?page_id=15903"},"modified":"2025-10-01T10:01:30","modified_gmt":"2025-10-01T08:01:30","slug":"events","status":"publish","type":"page","link":"https:\/\/uni5-technologies.com\/accueil\/events\/","title":{"rendered":"Ev\u00e9nement"},"content":{"rendered":"\t\t<div data-elementor-type=\"wp-page\" data-elementor-id=\"15903\" class=\"elementor elementor-15903\" data-elementor-post-type=\"page\">\n\t\t\t\t\t\t<section class=\"elementor-section elementor-top-section elementor-element elementor-element-c9b9d75 elementor-section-boxed elementor-section-height-default elementor-section-height-default\" data-id=\"c9b9d75\" data-element_type=\"section\" data-e-type=\"section\" data-settings=\"{&quot;background_background&quot;:&quot;classic&quot;}\">\n\t\t\t\t\t\t<div class=\"elementor-container elementor-column-gap-default\">\n\t\t\t\t\t<div class=\"elementor-column elementor-col-100 elementor-top-column elementor-element elementor-element-1187e14\" data-id=\"1187e14\" data-element_type=\"column\" data-e-type=\"column\">\n\t\t\t<div class=\"elementor-widget-wrap elementor-element-populated\">\n\t\t\t\t\t\t<div class=\"elementor-element elementor-element-40837d4 elementor-widget elementor-widget-heading\" data-id=\"40837d4\" data-element_type=\"widget\" data-e-type=\"widget\" data-widget_type=\"heading.default\">\n\t\t\t\t<div class=\"elementor-widget-container\">\n\t\t\t\t\t<h1 class=\"elementor-heading-title elementor-size-default\">\u00e9v\u00e9nements <\/h1>\t\t\t\t<\/div>\n\t\t\t\t<\/div>\n\t\t\t\t<div class=\"elementor-element elementor-element-864ba72 elementor-widget elementor-widget-heading\" data-id=\"864ba72\" data-element_type=\"widget\" data-e-type=\"widget\" data-widget_type=\"heading.default\">\n\t\t\t\t<div class=\"elementor-widget-container\">\n\t\t\t\t\t<h1 class=\"elementor-heading-title elementor-size-default\">&amp; WEBINAiRes<\/h1>\t\t\t\t<\/div>\n\t\t\t\t<\/div>\n\t\t\t\t\t<\/div>\n\t\t<\/div>\n\t\t\t\t\t<\/div>\n\t\t<\/section>\n\t\t\t\t<header class=\"elementor-section elementor-top-section elementor-element elementor-element-28ec95c elementor-section-height-min-height elementor-section-items-stretch elementor-hidden-mobile_extra elementor-hidden-mobile elementor-section-boxed elementor-section-height-default\" data-id=\"28ec95c\" data-element_type=\"section\" data-e-type=\"section\" data-settings=\"{&quot;background_background&quot;:&quot;classic&quot;}\">\n\t\t\t\t\t\t\t<div class=\"elementor-background-overlay\"><\/div>\n\t\t\t\t\t\t\t<div class=\"elementor-container elementor-column-gap-default\">\n\t\t\t\t\t<div class=\"elementor-column elementor-col-20 elementor-top-column elementor-element elementor-element-4371d84\" data-id=\"4371d84\" data-element_type=\"column\" data-e-type=\"column\">\n\t\t\t<div class=\"elementor-widget-wrap elementor-element-populated\">\n\t\t\t\t\t\t<div class=\"elementor-element elementor-element-bf9123a elementor-widget elementor-widget-image\" data-id=\"bf9123a\" data-element_type=\"widget\" data-e-type=\"widget\" data-widget_type=\"image.default\">\n\t\t\t\t<div class=\"elementor-widget-container\">\n\t\t\t\t\t\t\t\t\t\t\t\t\t\t\t\t<a href=\"https:\/\/uni5-technologies.com\/accueil\/events\/\">\n\t\t\t\t\t\t\t<img fetchpriority=\"high\" decoding=\"async\" width=\"640\" height=\"640\" src=\"https:\/\/uni5-technologies.com\/wp-content\/uploads\/2024\/11\/event.gif\" class=\"elementor-animation-wobble-top attachment-full size-full wp-image-15909\" alt=\"\" \/>\t\t\t\t\t\t\t\t<\/a>\n\t\t\t\t\t\t\t\t\t\t\t\t\t\t\t<\/div>\n\t\t\t\t<\/div>\n\t\t\t\t<div class=\"elementor-element elementor-element-eb1f7e2 elementor-widget elementor-widget-heading\" data-id=\"eb1f7e2\" data-element_type=\"widget\" data-e-type=\"widget\" data-widget_type=\"heading.default\">\n\t\t\t\t<div class=\"elementor-widget-container\">\n\t\t\t\t\t<h3 class=\"elementor-heading-title elementor-size-default\"><a href=\"https:\/\/uni5-technologies.com\/accueil\/events\/\"><b>Ev\u00e9nements<\/b><\/a><\/h3>\t\t\t\t<\/div>\n\t\t\t\t<\/div>\n\t\t\t\t<div class=\"elementor-element elementor-element-3d7d06d elementor-widget-divider--view-line elementor-widget elementor-widget-divider\" data-id=\"3d7d06d\" data-element_type=\"widget\" data-e-type=\"widget\" data-widget_type=\"divider.default\">\n\t\t\t\t<div class=\"elementor-widget-container\">\n\t\t\t\t\t\t\t<div class=\"elementor-divider\">\n\t\t\t<span class=\"elementor-divider-separator\">\n\t\t\t\t\t\t<\/span>\n\t\t<\/div>\n\t\t\t\t\t\t<\/div>\n\t\t\t\t<\/div>\n\t\t\t\t\t<\/div>\n\t\t<\/div>\n\t\t\t\t<div class=\"elementor-column elementor-col-20 elementor-top-column elementor-element elementor-element-9706b3f\" data-id=\"9706b3f\" data-element_type=\"column\" data-e-type=\"column\">\n\t\t\t<div class=\"elementor-widget-wrap elementor-element-populated\">\n\t\t\t\t\t\t<div class=\"elementor-element elementor-element-3fca128 elementor-widget elementor-widget-image\" data-id=\"3fca128\" data-element_type=\"widget\" data-e-type=\"widget\" data-widget_type=\"image.default\">\n\t\t\t\t<div class=\"elementor-widget-container\">\n\t\t\t\t\t\t\t\t\t\t\t\t\t\t\t\t<a href=\"https:\/\/uni5-technologies.com\/accueil\/webinar\/\">\n\t\t\t\t\t\t\t<img decoding=\"async\" width=\"640\" height=\"640\" src=\"https:\/\/uni5-technologies.com\/wp-content\/uploads\/2024\/11\/webinar-1.gif\" class=\"elementor-animation-wobble-top attachment-full size-full wp-image-15911\" alt=\"\" \/>\t\t\t\t\t\t\t\t<\/a>\n\t\t\t\t\t\t\t\t\t\t\t\t\t\t\t<\/div>\n\t\t\t\t<\/div>\n\t\t\t\t<div class=\"elementor-element elementor-element-73fd41b elementor-widget elementor-widget-heading\" data-id=\"73fd41b\" data-element_type=\"widget\" data-e-type=\"widget\" data-widget_type=\"heading.default\">\n\t\t\t\t<div class=\"elementor-widget-container\">\n\t\t\t\t\t<h3 class=\"elementor-heading-title elementor-size-default\"><a href=\"https:\/\/uni5-technologies.com\/accueil\/webinar\/\"><b>Webinaires<\/b><\/a><\/h3>\t\t\t\t<\/div>\n\t\t\t\t<\/div>\n\t\t\t\t<div class=\"elementor-element elementor-element-2e50ccc elementor-widget-divider--view-line elementor-widget elementor-widget-divider\" data-id=\"2e50ccc\" data-element_type=\"widget\" data-e-type=\"widget\" data-widget_type=\"divider.default\">\n\t\t\t\t<div class=\"elementor-widget-container\">\n\t\t\t\t\t\t\t<div class=\"elementor-divider\">\n\t\t\t<span class=\"elementor-divider-separator\">\n\t\t\t\t\t\t<\/span>\n\t\t<\/div>\n\t\t\t\t\t\t<\/div>\n\t\t\t\t<\/div>\n\t\t\t\t\t<\/div>\n\t\t<\/div>\n\t\t\t\t<div class=\"elementor-column elementor-col-20 elementor-top-column elementor-element elementor-element-4ba4493\" data-id=\"4ba4493\" data-element_type=\"column\" data-e-type=\"column\">\n\t\t\t<div class=\"elementor-widget-wrap\">\n\t\t\t\t\t\t\t<\/div>\n\t\t<\/div>\n\t\t\t\t<div class=\"elementor-column elementor-col-20 elementor-top-column elementor-element elementor-element-c3f8aaa\" data-id=\"c3f8aaa\" data-element_type=\"column\" data-e-type=\"column\">\n\t\t\t<div class=\"elementor-widget-wrap\">\n\t\t\t\t\t\t\t<\/div>\n\t\t<\/div>\n\t\t\t\t<div class=\"elementor-column elementor-col-20 elementor-top-column elementor-element elementor-element-ad9191f\" data-id=\"ad9191f\" data-element_type=\"column\" data-e-type=\"column\">\n\t\t\t<div class=\"elementor-widget-wrap\">\n\t\t\t\t\t\t\t<\/div>\n\t\t<\/div>\n\t\t\t\t\t<\/div>\n\t\t<\/header>\n\t\t<div class=\"elementor-element elementor-element-47e9e9f e-flex e-con-boxed e-con e-parent\" data-id=\"47e9e9f\" data-element_type=\"container\" data-e-type=\"container\" data-settings=\"{&quot;background_background&quot;:&quot;classic&quot;}\">\n\t\t\t\t\t<div class=\"e-con-inner\">\n\t\t\t\t<div class=\"elementor-element elementor-element-4886083 elementor-widget elementor-widget-spacer\" data-id=\"4886083\" data-element_type=\"widget\" data-e-type=\"widget\" data-widget_type=\"spacer.default\">\n\t\t\t\t<div class=\"elementor-widget-container\">\n\t\t\t\t\t\t\t<div class=\"elementor-spacer\">\n\t\t\t<div class=\"elementor-spacer-inner\"><\/div>\n\t\t<\/div>\n\t\t\t\t\t\t<\/div>\n\t\t\t\t<\/div>\n\t\t\t\t\t<\/div>\n\t\t\t\t<\/div>\n\t\t<div class=\"elementor-element elementor-element-c0ce223 e-flex e-con-boxed e-con e-parent\" data-id=\"c0ce223\" data-element_type=\"container\" data-e-type=\"container\" data-settings=\"{&quot;background_background&quot;:&quot;classic&quot;}\">\n\t\t\t\t\t<div class=\"e-con-inner\">\n\t\t\t\t<div class=\"elementor-element elementor-element-bbebe29 elementor-widget elementor-widget-heading\" data-id=\"bbebe29\" data-element_type=\"widget\" data-e-type=\"widget\" data-widget_type=\"heading.default\">\n\t\t\t\t<div class=\"elementor-widget-container\">\n\t\t\t\t\t<h1 class=\"elementor-heading-title elementor-size-default\">Power Platform French Summit<\/h1>\t\t\t\t<\/div>\n\t\t\t\t<\/div>\n\t\t\t\t\t<\/div>\n\t\t\t\t<\/div>\n\t\t<div class=\"elementor-element elementor-element-f095a0e e-flex e-con-boxed e-con e-parent\" data-id=\"f095a0e\" data-element_type=\"container\" data-e-type=\"container\" data-settings=\"{&quot;background_background&quot;:&quot;classic&quot;}\">\n\t\t\t\t\t<div class=\"e-con-inner\">\n\t\t\t\t<div class=\"elementor-element elementor-element-59ad034 elementor-widget-divider--view-line elementor-widget elementor-widget-divider\" data-id=\"59ad034\" data-element_type=\"widget\" data-e-type=\"widget\" data-widget_type=\"divider.default\">\n\t\t\t\t<div class=\"elementor-widget-container\">\n\t\t\t\t\t\t\t<div class=\"elementor-divider\">\n\t\t\t<span class=\"elementor-divider-separator\">\n\t\t\t\t\t\t<\/span>\n\t\t<\/div>\n\t\t\t\t\t\t<\/div>\n\t\t\t\t<\/div>\n\t\t\t\t\t<\/div>\n\t\t\t\t<\/div>\n\t\t<div class=\"elementor-element elementor-element-c6cb2f8 e-flex e-con-boxed e-con e-parent\" data-id=\"c6cb2f8\" data-element_type=\"container\" data-e-type=\"container\" data-settings=\"{&quot;background_background&quot;:&quot;classic&quot;}\">\n\t\t\t\t\t<div class=\"e-con-inner\">\n\t\t\t\t<div class=\"elementor-element elementor-element-121ee76 elementor-widget elementor-widget-image\" data-id=\"121ee76\" data-element_type=\"widget\" data-e-type=\"widget\" data-widget_type=\"image.default\">\n\t\t\t\t<div class=\"elementor-widget-container\">\n\t\t\t\t\t\t\t\t\t\t\t\t\t\t\t<img decoding=\"async\" width=\"1024\" height=\"576\" src=\"https:\/\/uni5-technologies.com\/wp-content\/uploads\/2025\/07\/Post-Session-1024x576.jpg\" class=\"attachment-large size-large wp-image-16699\" alt=\"\" srcset=\"https:\/\/uni5-technologies.com\/wp-content\/uploads\/2025\/07\/Post-Session-1024x576.jpg 1024w, https:\/\/uni5-technologies.com\/wp-content\/uploads\/2025\/07\/Post-Session-300x169.jpg 300w, https:\/\/uni5-technologies.com\/wp-content\/uploads\/2025\/07\/Post-Session-768x432.jpg 768w, https:\/\/uni5-technologies.com\/wp-content\/uploads\/2025\/07\/Post-Session-1536x864.jpg 1536w, https:\/\/uni5-technologies.com\/wp-content\/uploads\/2025\/07\/Post-Session-150x85.jpg 150w, https:\/\/uni5-technologies.com\/wp-content\/uploads\/2025\/07\/Post-Session-600x338.jpg 600w, https:\/\/uni5-technologies.com\/wp-content\/uploads\/2025\/07\/Post-Session.jpg 1920w\" sizes=\"(max-width: 1024px) 100vw, 1024px\" \/>\t\t\t\t\t\t\t\t\t\t\t\t\t\t\t<\/div>\n\t\t\t\t<\/div>\n\t\t\t\t\t<\/div>\n\t\t\t\t<\/div>\n\t\t<div class=\"elementor-element elementor-element-5f46e44 e-flex e-con-boxed e-con e-parent\" data-id=\"5f46e44\" data-element_type=\"container\" data-e-type=\"container\" data-settings=\"{&quot;background_background&quot;:&quot;classic&quot;}\">\n\t\t\t\t\t<div class=\"e-con-inner\">\n\t\t\t\t<div class=\"elementor-element elementor-element-d1fec25 elementor-widget elementor-widget-text-editor\" data-id=\"d1fec25\" data-element_type=\"widget\" data-e-type=\"widget\" data-widget_type=\"text-editor.default\">\n\t\t\t\t<div class=\"elementor-widget-container\">\n\t\t\t\t\t\t\t\t\t<p class=\"p1\">Uni5 Technologies vous donne rendez-vous au\u00a0 <a class=\"app-aware-link \" href=\"https:\/\/www.powerplatformfrenchsummit.com\/\" target=\"_self\" data-test-app-aware-link=\"\">Power Platform French Summit<\/a> <strong>Nantes !<\/strong><\/p>\t\t\t\t\t\t\t\t<\/div>\n\t\t\t\t<\/div>\n\t\t\t\t<div class=\"elementor-element elementor-element-9a42a5a elementor-widget__width-initial elementor-widget elementor-widget-text-editor\" data-id=\"9a42a5a\" data-element_type=\"widget\" data-e-type=\"widget\" data-widget_type=\"text-editor.default\">\n\t\t\t\t<div class=\"elementor-widget-container\">\n\t\t\t\t\t\t\t\t\t<h4>Ne manquez pas notre session : \u00ab\u00a0\ud835\uddd6\ud835\uddfc\ud835\uddfd\ud835\uddf6\ud835\uddf9\ud835\uddfc\ud835\ude01 \ud835\udde6\ud835\ude01\ud835\ude02\ud835\uddf1\ud835\uddf6\ud835\uddfc &amp; \ud835\udde3\ud835\uddfc\ud835\ude04\ud835\uddf2\ud835\uddff \ud835\udde3\ud835\uddf9\ud835\uddee\ud835\ude01\ud835\uddf3\ud835\uddfc\ud835\uddff\ud835\uddfa\u00a0\u00bb au Power Platform French Summit.<br \/>\u231a 26 juin 2026 \u2014 11h45<br \/>\ud83d\udccd Galerie 04 \u2014 Halles 1&amp;2 (p\u00f4le \u00e9conomique de la Samoa)<\/h4><h4>D\u00e9couvrez comment catalyser la cr\u00e9ativit\u00e9 collective avec une bo\u00eete \u00e0 id\u00e9es intelligente int\u00e9gr\u00e9e \u00e0 vos outils <a class=\"wsMvqdsCQwHMdXuvCLlSAkmVYButhGSUc \" tabindex=\"0\" href=\"https:\/\/www.linkedin.com\/company\/microsoft\/\" target=\"_self\" data-test-app-aware-link=\"\">Microsoft<\/a><br \/>Avec <a id=\"ember837\" class=\"ember-view\" href=\"https:\/\/www.linkedin.com\/in\/jean-paul-heng\/\">Jean-Paul Heng<\/a> &amp; <a id=\"ember838\" class=\"ember-view\" href=\"https:\/\/www.linkedin.com\/in\/imad-bensisaid\/\">Imad Bensisaid<\/a><\/h4><h4>Rejoignez-nous sur place ou en ligne via ce lien :<br \/>\ud83d\udc49 <a class=\"wsMvqdsCQwHMdXuvCLlSAkmVYButhGSUc \" tabindex=\"0\" href=\"https:\/\/lnkd.in\/etE3JP8\" target=\"_self\" data-test-app-aware-link=\"\">https:\/\/lnkd.in\/etE3JP8<\/a><\/h4>\t\t\t\t\t\t\t\t<\/div>\n\t\t\t\t<\/div>\n\t\t\t\t\t<\/div>\n\t\t\t\t<\/div>\n\t\t<div class=\"elementor-element elementor-element-c13b60c e-flex e-con-boxed e-con e-parent\" data-id=\"c13b60c\" data-element_type=\"container\" data-e-type=\"container\" data-settings=\"{&quot;background_background&quot;:&quot;classic&quot;}\">\n\t\t\t\t\t<div class=\"e-con-inner\">\n\t\t\t\t<div class=\"elementor-element elementor-element-26fbdae elementor-widget elementor-widget-spacer\" data-id=\"26fbdae\" data-element_type=\"widget\" data-e-type=\"widget\" data-widget_type=\"spacer.default\">\n\t\t\t\t<div class=\"elementor-widget-container\">\n\t\t\t\t\t\t\t<div class=\"elementor-spacer\">\n\t\t\t<div class=\"elementor-spacer-inner\"><\/div>\n\t\t<\/div>\n\t\t\t\t\t\t<\/div>\n\t\t\t\t<\/div>\n\t\t\t\t\t<\/div>\n\t\t\t\t<\/div>\n\t\t<div class=\"elementor-element elementor-element-b482622 e-flex e-con-boxed e-con e-parent\" data-id=\"b482622\" data-element_type=\"container\" data-e-type=\"container\" data-settings=\"{&quot;background_background&quot;:&quot;classic&quot;}\">\n\t\t\t\t\t<div class=\"e-con-inner\">\n\t\t\t\t<div class=\"elementor-element elementor-element-925e365 elementor-widget elementor-widget-image\" data-id=\"925e365\" data-element_type=\"widget\" data-e-type=\"widget\" data-widget_type=\"image.default\">\n\t\t\t\t<div class=\"elementor-widget-container\">\n\t\t\t\t\t\t\t\t\t\t\t\t\t\t\t<img loading=\"lazy\" decoding=\"async\" width=\"1024\" height=\"576\" src=\"https:\/\/uni5-technologies.com\/wp-content\/uploads\/2024\/11\/PPFS-1-1024x576.jpg\" class=\"attachment-large size-large wp-image-15933\" alt=\"\" srcset=\"https:\/\/uni5-technologies.com\/wp-content\/uploads\/2024\/11\/PPFS-1-1024x576.jpg 1024w, https:\/\/uni5-technologies.com\/wp-content\/uploads\/2024\/11\/PPFS-1-300x169.jpg 300w, https:\/\/uni5-technologies.com\/wp-content\/uploads\/2024\/11\/PPFS-1-768x432.jpg 768w, https:\/\/uni5-technologies.com\/wp-content\/uploads\/2024\/11\/PPFS-1-1536x864.jpg 1536w, https:\/\/uni5-technologies.com\/wp-content\/uploads\/2024\/11\/PPFS-1-150x85.jpg 150w, https:\/\/uni5-technologies.com\/wp-content\/uploads\/2024\/11\/PPFS-1-600x338.jpg 600w, https:\/\/uni5-technologies.com\/wp-content\/uploads\/2024\/11\/PPFS-1.jpg 1920w\" sizes=\"(max-width: 1024px) 100vw, 1024px\" \/>\t\t\t\t\t\t\t\t\t\t\t\t\t\t\t<\/div>\n\t\t\t\t<\/div>\n\t\t\t\t\t<\/div>\n\t\t\t\t<\/div>\n\t\t<div class=\"elementor-element elementor-element-201b372 e-flex e-con-boxed e-con e-parent\" data-id=\"201b372\" data-element_type=\"container\" data-e-type=\"container\" data-settings=\"{&quot;background_background&quot;:&quot;classic&quot;}\">\n\t\t\t\t\t<div class=\"e-con-inner\">\n\t\t\t\t<div class=\"elementor-element elementor-element-9b6c4e9 elementor-widget elementor-widget-text-editor\" data-id=\"9b6c4e9\" data-element_type=\"widget\" data-e-type=\"widget\" data-widget_type=\"text-editor.default\">\n\t\t\t\t<div class=\"elementor-widget-container\">\n\t\t\t\t\t\t\t\t\t<p class=\"p1\">Nous sommes ravis d\u2019&rsquo;annoncer notre participation au <a class=\"app-aware-link \" href=\"https:\/\/www.powerplatformfrenchsummit.com\/\" target=\"_self\" data-test-app-aware-link=\"\">Power Platform French Summit<\/a> en tant que Partenaire Gold.<\/p>\t\t\t\t\t\t\t\t<\/div>\n\t\t\t\t<\/div>\n\t\t\t\t\t<\/div>\n\t\t\t\t<\/div>\n\t\t<div class=\"elementor-element elementor-element-b5c4bd8 e-flex e-con-boxed e-con e-parent\" data-id=\"b5c4bd8\" data-element_type=\"container\" data-e-type=\"container\" data-settings=\"{&quot;background_background&quot;:&quot;classic&quot;}\">\n\t\t\t\t\t<div class=\"e-con-inner\">\n\t\t\t\t<div class=\"elementor-element elementor-element-eed5ae7 elementor-widget__width-initial elementor-widget elementor-widget-text-editor\" data-id=\"eed5ae7\" data-element_type=\"widget\" data-e-type=\"widget\" data-widget_type=\"text-editor.default\">\n\t\t\t\t<div class=\"elementor-widget-container\">\n\t\t\t\t\t\t\t\t\t<h4>\u231aRejoignez nous les \ud835\udfef \ud835\uddf2\ud835\ude01 \ud835\udff0 \ud835\uddf1\ud835\uddf2\ud835\uddf0\ud835\uddf2\ud835\uddfa\ud835\uddef\ud835\uddff\ud835\uddf2 \ud835\udfee\ud835\udfec\ud835\udfee\ud835\udff0<\/h4><h4>\ud83d\udccdEn physique au \ud835\uddf0\ud835\uddf2\ud835\uddfb\ud835\ude01\ud835\uddff\ud835\uddf2 \ud835\uddf1\ud835\uddf2 \ud835\uddf0\ud835\uddfc\ud835\uddfb\ud835\uddf3\ud835\uddf2\ud835\uddff\ud835\uddf2\ud835\uddfb\ud835\uddf0\ud835\uddf2 \ud835\udde0\ud835\uddf6\ud835\uddf0\ud835\uddff\ud835\uddfc\ud835\ude00\ud835\uddfc\ud835\uddf3\ud835\ude01 \ud835\uddd9\ud835\uddff\ud835\uddee\ud835\uddfb\ud835\uddf0\ud835\uddf2 ou en rediffusion sur les plateformes en ligne<\/h4><h4>Au programme de nos interventions, 2 sessions anim\u00e9es par nos experts Power Platform <a id=\"ember114\" class=\"ember-view\" href=\"https:\/\/www.linkedin.com\/in\/didier-ramond-84925b31\/\">Didier Ramond<\/a> et <a id=\"ember115\" class=\"ember-view\" href=\"https:\/\/www.linkedin.com\/in\/jean-paul-heng\/\">Jean-Paul Heng<\/a> :<\/h4><h4>1\ufe0f\u20e3\u00a0\ud835\udde5\ud835\uddf2\ud835\ude01\ud835\uddfc\ud835\ude02\ud835\uddff \ud835\uddf1&rsquo;\ud835\uddf2\ud835\ude05\ud835\uddfd\ud835\uddf2\ud835\uddff\ud835\uddf6\ud835\uddf2\ud835\uddfb\ud835\uddf0\ud835\uddf2 : Transformation digitale chez Vinci Construction Grands Projets gr\u00e2ce \u00e0 Power Platform<br \/>2\ufe0f\u20e3 \ud835\udde5\ud835\uddf2\ud835\ude03\ud835\uddf2\ud835\uddf9\ud835\uddf2\ud835\ude07 \ud835\ude01\ud835\uddfc\ud835\ude02\ud835\ude01 \ud835\uddf9\ud835\uddf2 \ud835\uddfd\ud835\uddfc\ud835\ude01\ud835\uddf2\ud835\uddfb\ud835\ude01\ud835\uddf6\ud835\uddf2\ud835\uddf9 \ud835\uddf1\ud835\uddf2 \ud835\ude03\ud835\uddfc\ud835\ude00 \ud835\udde7\ud835\uddee\ud835\uddf9\ud835\uddf2\ud835\uddfb\ud835\ude01\ud835\ude00 \ud835\uddee\ud835\ude03\ud835\uddf2\ud835\uddf0 \ud835\udde3\ud835\uddfc\ud835\ude04\ud835\uddf2\ud835\uddff \ud835\udde3\ud835\uddf9\ud835\uddee\ud835\ude01\ud835\uddf3\ud835\uddfc\ud835\uddff\ud835\uddfa : une gestion agile et centr\u00e9e sur l&rsquo;humain<\/h4><h4>N\u2019h\u00e9sitez pas \u00e0 venir nous voir et d\u00e9couvrir les solutions innovantes de Power Platform !<\/h4>\t\t\t\t\t\t\t\t<\/div>\n\t\t\t\t<\/div>\n\t\t\t\t\t<\/div>\n\t\t\t\t<\/div>\n\t\t<div class=\"elementor-element elementor-element-a95f51f e-flex e-con-boxed e-con e-parent\" data-id=\"a95f51f\" data-element_type=\"container\" data-e-type=\"container\" data-settings=\"{&quot;background_background&quot;:&quot;classic&quot;}\">\n\t\t\t\t\t<div class=\"e-con-inner\">\n\t\t\t\t<div class=\"elementor-element elementor-element-342312b elementor-widget elementor-widget-spacer\" data-id=\"342312b\" data-element_type=\"widget\" data-e-type=\"widget\" data-widget_type=\"spacer.default\">\n\t\t\t\t<div class=\"elementor-widget-container\">\n\t\t\t\t\t\t\t<div class=\"elementor-spacer\">\n\t\t\t<div class=\"elementor-spacer-inner\"><\/div>\n\t\t<\/div>\n\t\t\t\t\t\t<\/div>\n\t\t\t\t<\/div>\n\t\t\t\t\t<\/div>\n\t\t\t\t<\/div>\n\t\t<div class=\"elementor-element elementor-element-0aab8ed e-flex e-con-boxed e-con e-parent\" data-id=\"0aab8ed\" data-element_type=\"container\" data-e-type=\"container\">\n\t\t\t\t\t<div class=\"e-con-inner\">\n\t\t\t\t<div class=\"elementor-element elementor-element-f132185 elementor-cta--skin-cover elementor-cta--valign-middle elementor-animated-content elementor-bg-transform elementor-bg-transform-zoom-in elementor-widget elementor-widget-call-to-action\" data-id=\"f132185\" data-element_type=\"widget\" data-e-type=\"widget\" data-widget_type=\"call-to-action.default\">\n\t\t\t\t<div class=\"elementor-widget-container\">\n\t\t\t\t\t\t\t<div class=\"elementor-cta\">\n\t\t\t\t\t<div class=\"elementor-cta__bg-wrapper\">\n\t\t\t\t<div class=\"elementor-cta__bg elementor-bg\" style=\"background-image: url();\" role=\"img\" aria-label=\"\"><\/div>\n\t\t\t\t<div class=\"elementor-cta__bg-overlay\"><\/div>\n\t\t\t<\/div>\n\t\t\t\t\t\t\t<div class=\"elementor-cta__content\">\n\t\t\t\t\n\t\t\t\t\t\t\t\t\t<h2 class=\"elementor-cta__title elementor-cta__content-item elementor-content-item elementor-animated-item--grow\">\n\t\t\t\t\t\tPOUR EN SAVOIR PLUS\t\t\t\t\t<\/h2>\n\t\t\t\t\n\t\t\t\t\t\t\t\t\t<div class=\"elementor-cta__description elementor-cta__content-item elementor-content-item elementor-animated-item--grow\">\n\t\t\t\t\t\tPrenez contact avec l'un de nos experts pour en discuter d'avantage sur votre projet\t\t\t\t\t<\/div>\n\t\t\t\t\n\t\t\t\t\t\t\t\t\t<div class=\"elementor-cta__button-wrapper elementor-cta__content-item elementor-content-item elementor-animated-item--grow\">\n\t\t\t\t\t<a class=\"elementor-cta__button elementor-button elementor-size-\" href=\"https:\/\/uni5-technologies.com\/contactez-nous\/\" target=\"_blank\">\n\t\t\t\t\t\tCONTACTEZ-NOUS\t\t\t\t\t<\/a>\n\t\t\t\t\t<\/div>\n\t\t\t\t\t\t\t<\/div>\n\t\t\t\t\t\t<\/div>\n\t\t\t\t\t\t<\/div>\n\t\t\t\t<\/div>\n\t\t\t\t\t<\/div>\n\t\t\t\t<\/div>\n\t\t\t\t<\/div>\n\t\t","protected":false},"excerpt":{"rendered":"<p>\u00e9v\u00e9nements &amp; WEBINAiRes Ev\u00e9nements Webinaires Power Platform French Summit Uni5 Technologies vous donne rendez-vous au\u00a0 Power Platform French Summit Nantes ! Ne manquez pas notre session : \u00ab\u00a0\ud835\uddd6\ud835\uddfc\ud835\uddfd\ud835\uddf6\ud835\uddf9\ud835\uddfc\ud835\ude01 \ud835\udde6\ud835\ude01\ud835\ude02\ud835\uddf1\ud835\uddf6\ud835\uddfc &amp; \ud835\udde3\ud835\uddfc\ud835\ude04\ud835\uddf2\ud835\uddff \ud835\udde3\ud835\uddf9\ud835\uddee\ud835\ude01\ud835\uddf3\ud835\uddfc\ud835\uddff\ud835\uddfa\u00a0\u00bb au Power Platform French Summit.\u231a 26 juin 2026 \u2014 11h45\ud83d\udccd Galerie 04 \u2014 Halles 1&amp;2 (p\u00f4le \u00e9conomique de la Samoa) D\u00e9couvrez comment catalyser [&hellip;]<\/p>\n","protected":false},"author":1,"featured_media":0,"parent":0,"menu_order":0,"comment_status":"closed","ping_status":"closed","template":"elementor_header_footer","meta":{"_acf_changed":false,"_eb_attr":"","footnotes":""},"class_list":["post-15903","page","type-page","status-publish","hentry"],"acf":[],"blog_post_layout_featured_media_urls":{"thumbnail":"","full":""},"categories_names":null,"comments_number":"0","_links":{"self":[{"href":"https:\/\/uni5-technologies.com\/accueil\/wp-json\/wp\/v2\/pages\/15903","targetHints":{"allow":["GET"]}}],"collection":[{"href":"https:\/\/uni5-technologies.com\/accueil\/wp-json\/wp\/v2\/pages"}],"about":[{"href":"https:\/\/uni5-technologies.com\/accueil\/wp-json\/wp\/v2\/types\/page"}],"author":[{"embeddable":true,"href":"https:\/\/uni5-technologies.com\/accueil\/wp-json\/wp\/v2\/users\/1"}],"replies":[{"embeddable":true,"href":"https:\/\/uni5-technologies.com\/accueil\/wp-json\/wp\/v2\/comments?post=15903"}],"version-history":[{"count":60,"href":"https:\/\/uni5-technologies.com\/accueil\/wp-json\/wp\/v2\/pages\/15903\/revisions"}],"predecessor-version":[{"id":18182,"href":"https:\/\/uni5-technologies.com\/accueil\/wp-json\/wp\/v2\/pages\/15903\/revisions\/18182"}],"wp:attachment":[{"href":"https:\/\/uni5-technologies.com\/accueil\/wp-json\/wp\/v2\/media?parent=15903"}],"curies":[{"name":"wp","href":"https:\/\/api.w.org\/{rel}","templated":true}]}}